 and 17.
1
What is the greatest common divisor of 579373753 and 119?
119
Calculate the greatest common divisor of 5828396 and 328.
164
What is the greatest common factor of 906600 and 1590?
30
Calculate the greatest common divisor of 1543470 and 510.
30
Calculate the highest common divisor of 66 and 51917664.
6
What is the greatest common divisor of 1668 and 16294692?
1668
Calculate the greatest common factor of 337 and 368186317.
337
Calculate the greatest common factor of 64218213 and 7746.
3873
What is the greatest common factor of 1441244 and 231?
7
Calculate the greatest common divisor of 7996 and 594124789.
1999
What is the highest common factor of 6080350 and 10900?
50
What is the greatest common factor of 301968 and 68036?
932
What is the highest common factor of 502012382 and 50608?
6326
What is the highest common factor of 1122 and 921756?
66
Calculate the highest common divisor of 602 and 330054627.
301
What is the highest common factor of 20970 and 13485?
15
Calculate the greatest common divisor of 23403490 and 6040.
1510
What is the highest common factor of 31692 and 66132864?
1668
What is the highest common factor of 30261091 and 931?
133
Calculate the highest common factor of 10764 and 112480524.
468
Calculate the greatest common divisor of 6348 and 2575839.
69
Calculate the highest common factor of 770 and 3044426.
154
Calculate the highest common factor of 437365864 and 38.
38
What is the highest common divisor of 11601842 and 126?
14
Calculate the greatest common divisor of 1230325 and 1769.
29
Calculate the highest common divisor of 111 and 10627732.
37
What is the greatest common divisor of 155000074 and 724?
362
Calculate the highest common factor of 50127474 and 1193.
1193
What is the greatest common factor of 10 and 138521300?
10
What is the highest common divisor of 462 and 3373902?
42
What is the highest common factor of 39750 and 1271682?
318
Calculate the greatest common factor of 4374592 and 16936.
232
What is the greatest common divisor of 4494 and 664356?
42
What is the highest common factor of 27533987 and 573?
191
What is the greatest common factor of 46 and 16250305?
23
What is the highest common factor of 4252 and 10171847?
1063
What is the highest common divisor of 133354747 and 4079?
4079
Calculate the highest common divisor of 5901075 and 765.
45
Calculate the highest common divisor of 552833 and 32.
1
Calculate the greatest common divisor of 53533 and 9983.
67
What is the highest common factor of 12376 and 9258914?
238
Calculate the greatest common factor of 579 and 379235543.
193
What is the highest common divisor of 119215 and 1217575?
565
What is the greatest common factor of 3088 and 47092?
772
What is the highest common factor of 4917260 and 180?
20
What is the highest common factor of 112012 and 1997092?
2732
Calculate the greatest common divisor of 3286482885 and 315.
315
What is the highest common divisor of 142848 and 45136?
496
What is the highest common divisor of 26 and 1588562?
2
Calculate the greatest common divisor of 20428572 and 228.
228
Calculate the highest common factor of 896 and 1029840.
112
Calculate the highest common divisor of 273 and 7856082.
39
What is the highest common factor of 48400 and 19461640?
4840
Calculate the highest common divisor of 2146 and 3810890.
58
Calculate the highest common factor of 2926482 and 1963.
13
What is the greatest common divisor of 87 and 17161359?
87
Calculate the greatest common divisor of 2001048 and 1632.
24
Calculate the greatest common factor of 93 and 15322339.
31
What is the greatest common divisor of 114 and 25832514?
114
Calculate the highest common factor of 8505763 and 30821.
833
Calculate the greatest common factor of 1444 and 15575744.
76
What is the highest common factor of 239156314 and 1004?
502
Calculate the greatest common factor of 2268 and 369712.
28
What is the greatest common factor of 133 and 28712?
1
Calculate the greatest common divisor of 10 and 125566080.
10
What is the highest common divisor of 138909995 and 322?
161
Calculate the greatest common divisor of 4384 and 21148.
4
What is the greatest common divisor of 108 and 1916652?
12
What is the greatest common factor of 93800 and 947800?
1400
What is the highest common factor of 175208278 and 126?
14
Calculate the highest common factor of 36593 and 3089981.
851
Calculate the greatest common factor of 524250 and 316647.
2097
What is the highest common factor of 3844 and 1697932?
124
Calculate the greatest common divisor of 32 and 569552352.
32
What is the highest common divisor of 40365 and 15135?
15
Calculate the highest common factor of 132836 and 1697212.
44
What is the highest common factor of 45610 and 134202864?
9122
Calculate the greatest common factor of 57081 and 4201377.
1077
Calculate the greatest common factor of 4608 and 2590776.
72
What is the greatest common divisor of 1631371 and 1071?
119
Calculate the greatest common divisor of 13843 and 142463.
109
Calculate the highest common divisor of 168579 and 711.
9
Calculate the greatest common factor of 13485 and 16161.
3
What is the highest common divisor of 25760 and 20850880?
3680
Calculate the highest common divisor of 10843209 and 6084.
1521
What is the highest common divisor of 66550 and 28738952?
2662
What is the highest common factor of 6488 and 3619493?
811
What is the greatest common factor of 785050 and 6034?
14
What is the greatest common factor of 2141790 and 143162?
94
What is the greatest common factor of 466941 and 617199?
951
Calculate the greatest common divisor of 88008 and 319656.
456
What is the highest common factor of 394832548 and 2244?
748
Calculate the greatest common factor of 7602 and 7271313.
3801
Calculate the highest common divisor of 4641 and 1088.
17
Calculate the greatest common factor of 52261094 and 1258.
1258
What is the highest common factor of 5813513 and 943?
41
What is the highest common divisor of 951931 and 11425?
457
Calculate the highest common factor of 127075544 and 5513.
149
What is the highest common divisor of 130 and 6870565?
65
What is the highest common divisor of 568 and 7142?
2
Calculate the highest common divisor of 52122 and 85134.
42
What is the highest common divisor of 25574 and 27702?
38
What is the highest common divisor of 19364 and 1166192059?
4841
Calculate the highest common factor of 6985298 and 796.
398
What is the greatest common factor of 50479 and 1682398?
353
What is the greatest common divisor of 15 and 5050137?
3
Calculate the greatest common factor of 129 and 70633821.
129
What is the highest common divisor of 7181251 and 693?
77
What is the highest common divisor of 3245682 and 198?
66
What is the highest common divisor of 31288371 and 369?
123
Calculate the highest common factor of 27387 and 160293.
51
Calculate the highest common factor of 14217869 and 67.
67
Calculate the greatest common divisor of 3903496 and 26246.
2386
Calculate the greatest common factor of 6896 and 22387864.
3448
Calculate the greatest common divisor of 21650496 and 4746.
42
Calculate the greatest common divisor of 5368 and 48674648.
88
Calculate the highest common factor of 81 and 31077135.
27
What is the greatest common divisor of 2736 and 219543480?
1368
What is the highest common factor of 9588488 and 448?
56
What is the highest common factor of 78 and 114950628?
78
Calculate the greatest common factor of 338 and 736892.
26
Calculate the highest common factor of 249807 and 33.
3
Calculate the greatest common factor of 34 and 90799448.
34
Calculate the greatest common divisor of 375114836 and 77428.
5956
Calculate the highest common divisor of 12870 and 901251.
117
Calculate the greatest common divisor of 8283531 and 46980.
87
What is the highest common divisor of 245880 and 20514588?
8196
Calculate the greatest common factor of 493 and 11290312.
17
Calculate the highest common factor of 16863983 and 1649.
17
Calculate the highest common factor of 859023 and 495.
99
What is the highest common factor of 40 and 22213535?
5
Calculate the highest common divisor of 38448 and 372888.
72
What is the greatest common factor of 5807516 and 13585?
143
What is the highest common factor of 21409 and 2323825?
271
Calculate the greatest common divisor of 3380 and 42371